1923631256?
True
Does 247 divide 41002988?
True
Is 1315 a factor of 132411295?
True
Is 1127028539 a multiple of 5317?
True
Does 49 divide 84609227?
False
Does 203 divide 2536743013?
True
Does 489 divide 33496500?
True
Is 29824236 a multiple of 117?
True
Does 53 divide 1104615992?
False
Is 285 a factor of 4554540?
False
Is 38654950 a multiple of 23?
True
Is 12 a factor of 29849352?
True
Is 33 a factor of 242352917?
False
Is 1682 a factor of 140886002?
True
Does 32 divide 46876160?
True
Is 210935956 a multiple of 22?
True
Is 1177987018 a multiple of 841?
True
Is 532 a factor of 185452583?
False
Does 850 divide 63234050?
True
Does 300 divide 73006800?
True
Is 465831174 a multiple of 1616?
False
Is 33635241 a multiple of 1789?
False
Does 16 divide 1354502384?
True
Does 43 divide 209636515?
False
Is 26419115 a multiple of 25?
False
Is 18 a factor of 2623318071?
False
Does 46 divide 2126534966?
True
Is 1888066317 a multiple of 374?
False
Does 2422 divide 33803854?
True
Is 10 a factor of 142087442?
False
Is 34 a factor of 65410526?
True
Does 109 divide 240163937?
False
Is 17 a factor of 1101875845?
False
Is 1214 a factor of 22652026?
True
Does 55 divide 134004846?
False
Is 700 a factor of 1537161174?
False
Does 2101 divide 236675211?
False
Does 18 divide 175163616?
True
Does 31 divide 15991416?
False
Is 245 a factor of 496776781?
False
Is 7070440 a multiple of 52?
True
Is 11 a factor of 148619875?
False
Does 9 divide 164432294?
False
Does 236 divide 1581429112?
False
Is 152698884 a multiple of 12?
True
Is 338 a factor of 98733856?
True
Is 88 a factor of 143541634?
False
Does 1809 divide 66506076?
True
Does 25 divide 171351?
False
Is 1802296756 a multiple of 172?
False
Is 9 a factor of 2324964798?
True
Does 137 divide 32598227?
False
Is 2266 a factor of 60965638?
False
Is 2563 a factor of 1097511896?
False
Is 47 a factor of 35434593?
False
Does 145 divide 614621508?
False
Does 96 divide 160034208?
True
Is 1968526661 a multiple of 13?
False
Does 120 divide 8314920?
True
Does 3983 divide 2557611756?
True
Is 1552630 a multiple of 695?
True
Is 620 a factor of 236734600?
True
Does 27 divide 43429958?
False
Is 6674404 a multiple of 34?
True
Is 8 a factor of 218901384?
True
Is 871 a factor of 381617217?
False
Is 1676 a factor of 175343120?
True
Is 1731 a factor of 173072346?
False
Does 524 divide 235963946?
False
Is 978225987 a multiple of 232?
False
Is 39 a factor of 1017822?
True
Does 23 divide 6530792?
False
Is 3126 a factor of 173277306?
True
Does 45 divide 499883065?
False
Is 575 a factor of 46446775?
True
Is 194 a factor of 48594671?
False
Does 320 divide 145641600?
True
Does 13 divide 22350479?
False
Is 4353968 a multiple of 4?
True
Is 46262432 a multiple of 974?
False
Does 24 divide 316129775?
False
Does 92 divide 105060504?
True
Does 2024 divide 99397467?
False
Is 16 a factor of 706786?
False
Does 474 divide 12623568?
True
Does 188 divide 50962476?
True
Is 166350668 a multiple of 37?
True
Is 15067973 a multiple of 96?
False
Does 135 divide 516711285?
True
Is 120 a factor of 1199579520?
True
Is 55231052 a multiple of 6051?
False
Does 65 divide 1645287735?
True
Is 13 a factor of 25443782?
True
Is 8 a factor of 53778832?
True
Is 240833353 a multiple of 9?
False
Does 134 divide 27618982?
False
Is 3 a factor of 61326739?
False
Does 234 divide 35188920?
True
Is 9719486 a multiple of 14?
True
Is 13123181 a multiple of 667?
False
Is 1081642073 a multiple of 4453?
False
Is 404551812 a multiple of 84?
True
Is 187 a factor of 56852114?
True
Does 29 divide 3160979294?
True
Is 517665005 a multiple of 143?
True
Is 5 a factor of 926297307?
False
Is 59505341 a multiple of 510?
False
Is 11 a factor of 301353630?
False
Is 86829752 a multiple of 209?
False
Is 3173 a factor of 94736261?
True
Is 3220745 a multiple of 55?
True
Is 70 a factor of 52869880?
True
Is 619 a factor of 11518971?
True
Is 210675768 a multiple of 1022?
False
Is 5 a factor of 40192611?
False
Does 17 divide 76051752?
False
Does 1048 divide 119631296?
True
Is 227 a factor of 13299109?
False
Is 169087795 a multiple of 1681?
False
Is 258 a factor of 5223210?
True
Is 15 a factor of 1721494920?
True
Does 911 divide 211748285?
True
Does 13 divide 333366163?
True
Does 9 divide 519861270?
False
Is 2845 a factor of 719776465?
True
Does 33 divide 152326209?
False
Is 136 a factor of 37130869?
False
Is 8217882 a multiple of 27?
True
Does 16 divide 597660832?
True
Is 36092619 a multiple of 2637?
True
Does 1286 divide 26712865?
False
Is 466 a factor of 176888008?
True
Is 1995563 a multiple of 24?
False
Is 92 a factor of 1460232740?
True
Is 1581 a factor of 10872537?
True
Is 1996336312 a multiple of 9038?
False
Is 828443723 a multiple of 303?
False
Does 17 divide 12526438?
False
Does 637 divide 3785691?
True
Does 368 divide 919841392?
True
Is 63365888 a multiple of 16?
True
Is 24 a factor of 128677008?
True
Is 2054886348 a multiple of 384?
False
Does 138 divide 178752580?
False
Is 52 a factor of 92729297?
False
Is 910 a factor of 3940955891?
False
Does 180 divide 1800154080?
True
Is 19902848 a multiple of 679?
True
Is 27 a factor of 23848074?
True
Is 18 a factor of 604732247?
False
Does 5716 divide 1289340972?
True
Is 677160 a multiple of 30?
True
Is 10812 a factor of 150946332?
True
Is 24776955 a multiple of 105?
True
Is 12 a factor of 4941422?
False
Is 18 a factor of 45526050?
True
Is 46766727 a multiple of 7?
True
Is 3195734599 a multiple of 141?
False
Is 4370305296 a multiple of 2289?
True
Is 1787029265 a multiple of 245?
True
Is 695126880 a multiple of 1512?
True
Is 11 a factor of 289451448?
True
Is 7769132 a multiple of 442?
False
Is 4831440 a multiple of 60?
True
Is 17412464 a multiple of 4?
True
Is 286631523 a multiple of 63?
False
Does 110 divide 1487370839?
False
Does 63 divide 4512414312?
True
Does 1760 divide 39035245?
False
Is 9 a factor of 849014271?
True
Is 354 a factor of 70727976?
False
Is 269613036 a multiple of 1212?
True
Is 127 a factor of 27874214?
True
Is 2725535 a multiple of 2?
False
Is 287315592 a multiple of 12?
True
Is 3533 a factor of 529284212?
False
Is 104167048 a multiple of 151?
True
Does 1074 divide 190899204?
True
Is 1237 a factor of 644222178?
True
Is 371288344 a multiple of 3476?
False
Is 4 a factor of 301485772?
True
Does 1407 divide 128916375?
True
Does 3074 divide 330642514?
True
Does 756 divide 5699484?
True
Is 35143310 a multiple of 83?
False
Is 1988003304 a multiple of 343?
True
Is 138147065 a multiple of 7?
True
Is 2479320 a multiple of 9?
True
Does 3649 divide 123208521?
False
Does 1770 divide 273574740?
True
Is 10256712 a multiple of 92?
True
Is 300033208 a multiple of 13?
False
Is 327147345 a multiple of 1312?
False
Is 7127647 a multiple of 4?
False
Is 1053805590 a multiple of 27?
False
Does 189 divide 16669608?
False
Is 559822216 a multiple of 825?
False
Is 62189567 a multiple of 231?
False
Is 32688746 a multiple of 2418?
False
Does 587 divide 2313838576?
False
Is 171864000 a multiple of 504?
True
Is 19 a factor of 91671124?
True
Is 97 a factor of 223841371?
True
Does 4 divide 16041141?
False
Is 4058321657 a multiple of 801?
False
Is 6140895 a multiple of 435?
True
Is 21 a factor of 1814744?
False
Is 115364813 a multiple of 29?
True
Is 3231293 a multiple of 23?
True
Does 6 divide 46981582?
False
Does 12 divide 123022572?
True
Is 26 a factor of 11528580?
False
Is 11 a factor of 566608?
False
Does 28 divide 31160839?
False
Does 13 divide 16370362?
False
Is 13 a factor of 1169877877?
False
Is 126186546 a multiple of 519?
True
Does 2070 divide 120985824?
False
Is 1036 a factor of 3075884?
True
Is 44 a factor of 62435648?
True
Does 89 divide 17420593?
True
Does 477 divide 143534070?
True
Is 11 a factor of 90495713?
True
Is 32723628 a multiple of 77?
False
Is 7 a factor of 2046650021?
False
Does 246 divide 91308066?
True
Does 5 divide 1502497?
False
Is 1071072 a multiple of 36?
True
Is 97238632 a multiple of 44?
False
Does 17 divide 239263344?
False
Is 27717631 a multiple of 1660?
False
Is 10 a factor of 633183304?
False
Is 50231798 a multiple of 17?
False
Does 81 divide 1995926651?
False
Does 66 divide 717762738?
True
Is 5 a factor of 236412585?
True
Is 8488279 a multiple of 30?
False
Is 29650255 a multiple of 21?
False
Is 5225 a factor of 1809058164?
False
Is 128 a fa